What are the prime factors of 188976929?
283, 733, 911
List the prime factors of 2516550313.
23, 29, 499, 7561
List the prime factors of 178162229.
7, 229, 111143
What are the prime factors of 6487873842?
2, 3, 53, 20402119
List the prime factors of 153417616.
2, 11, 53, 16447
List the prime factors of 3404951469.
3, 378327941
List the prime factors of 264978567.
3, 7, 1402003
List the prime factors of 4435680710.
2, 5, 443568071
What are the prime factors of 43567203?
3, 73, 198937
What are the prime factors of 290412597?
3, 96804199
List the prime factors of 286737119.
5653, 50723
List the prime factors of 18480779.
18480779
List the prime factors of 39269680.
2, 5, 137, 3583
What are the prime factors of 28549675?
5, 7, 11, 14831
What are the prime factors of 528345814?
2, 743, 355549
What are the prime factors of 71261933?
2939, 24247
What are the prime factors of 194259869?
3229, 60161
List the prime factors of 130342913.
130342913
List the prime factors of 260901966.
2, 3, 13, 3344897
What are the prime factors of 566440914?
2, 3, 13, 67, 283, 383
List the prime factors of 29491469.
7, 1013, 4159
List the prime factors of 6157848857.
23, 89, 293, 10267
What are the prime factors of 3273260798?
2, 29, 31, 1820501
List the prime factors of 52443893.
52443893
List the prime factors of 89421680.
2, 5, 79, 14149
What are the prime factors of 1924140?
2, 3, 5, 32069
What are the prime factors of 66155949?
3, 197, 37313
What are the prime factors of 2742955142?
2, 563, 2436017
What are the prime factors of 12615464?
2, 29, 54377
List the prime factors of 669836506.
2, 334918253
What are the prime factors of 222061487?
107, 499, 4159
List the prime factors of 267476796.
2, 3, 53, 83, 563
What are the prime factors of 2326687180?
2, 5, 19, 107, 57223
What are the prime factors of 586425277?
419, 1399583
What are the prime factors of 478737393?
3, 53, 79, 38113
What are the prime factors of 427666134?
2, 3, 7, 373, 27299
What are the prime factors of 51149796?
2, 3, 41, 103963
What are the prime factors of 157102344?
2, 3, 7, 311711
What are the prime factors of 1503865947?
3, 501288649
List the prime factors of 993753202.
2, 13, 38221277
What are the prime factors of 247078874?
2, 7, 41, 61493
List the prime factors of 62150357.
62150357
What are the prime factors of 1458514666?
2, 7, 104179619
What are the prime factors of 166185158?
2, 3167, 26237
What are the prime factors of 891774196?
2, 19, 691, 16981
List the prime factors of 1246207739.
7, 19, 70451
List the prime factors of 11888150.
2, 5, 237763
List the prime factors of 428850548.
2, 7, 23, 95131
List the prime factors of 1555228001.
61, 25495541
What are the prime factors of 2167119313?
2167119313
List the prime factors of 834438360.
2, 3, 5, 7, 53, 18743
List the prime factors of 7687956948.
2, 3, 7, 91523297
What are the prime factors of 271992633?
3, 11, 89, 8419
What are the prime factors of 47390044?
2, 13, 37, 24631
List the prime factors of 329438477.
59, 479, 11657
What are the prime factors of 22479366?
2, 3, 7, 13, 3167
What are the prime factors of 77317881?
3, 23, 1120549
List the prime factors of 8852187.
3, 41, 79, 911
List the prime factors of 631242134.
2, 1153, 273739
List the prime factors of 51548239.
51548239
List the prime factors of 117423885.
3, 5, 53, 147703
What are the prime factors of 2055471214?
2, 1027735607
What are the prime factors of 179139323?
11, 16285393
What are the prime factors of 1891545206?
2, 67, 167, 181, 467
What are the prime factors of 515127532?
2, 107, 167, 7207
What are the prime factors of 100998245?
5, 677, 29837
What are the prime factors of 1748042830?
2, 5, 174804283
List the prime factors of 96845993.
29, 467, 7151
List the prime factors of 4692270315.
3, 5, 312818021
What are the prime factors of 16274731?
11, 23, 64327
List the prime factors of 292648153.
7, 31, 43, 79, 397
What are the prime factors of 73737012?
2, 3, 6144751
What are the prime factors of 28319841?
3, 11, 17, 71, 79
List the prime factors of 1243869802.
2, 7, 12692549
List the prime factors of 174053964.
2, 3, 7, 31, 66841
List the prime factors of 813921436.
2, 9839, 20681
What are the prime factors of 1074625313?
19, 56559227
What are the prime factors of 799441390?
2, 5, 11, 277, 26237
List the prime factors of 463841724.
2, 3, 433, 89269
What are the prime factors of 2657194283?
1103, 2409061
List the prime factors of 150337889.
13, 107, 108079
List the prime factors of 112483483.
7, 419, 38351
List the prime factors of 86156462.
2, 7, 6154033
What are the prime factors of 119104519?
907, 131317
What are the prime factors of 131091865?
5, 67, 113, 3463
List the prime factors of 808680501.
3, 103, 127, 6869
List the prime factors of 152745687.
3, 16971743
List the prime factors of 581477265.
3, 5, 17, 253367
What are the prime factors of 34230926?
2, 17115463
List the prime factors of 93489406.
2, 3767, 12409
What are the prime factors of 41721328?
2, 11, 237053
List the prime factors of 4521615908.
2, 23, 49147999
List the prime factors of 78084358.
2, 11, 233, 15233
List the prime factors of 23067366.
2, 3, 7, 307, 1789
List the prime factors of 1640396770.
2, 5, 127, 277, 4663
List the prime factors of 89679922.
2, 53, 846037
List the prime factors of 271958648.
2, 13, 2614987
List the prime factors of 476119802.
2, 238059901
What are the prime factors of 10162045?
5, 2032409
What are the prime factors of 570727658?
2, 23, 881, 14083
List the prime factors of 8907704409.
3, 29, 102387407
List the prime factors of 108581007.
3, 36193669
What are the prime factors of 6804329655?
3, 5, 31, 1657, 8831
List the prime factors of 30617033.
127, 241079
List the prime factors of 248563795.
5, 19, 2616461
List the prime factors of 77332269.
3, 7, 17, 216617
What are the prime factors of 580458691?
269, 2157839
List the prime factors of 867849578.
2, 37, 11727697
What are the prime factors of 1431973150?
2, 5, 179, 193, 829
List the prime factors of 116945569.
13, 8995813
What are the prime factors of 168328489?
7, 24046927
What are the prime factors of 54129388?
2, 13532347
List the prime factors of 2704158659.
67, 40360577
List the prime factors of 47417723.
757, 62639
What are the prime factors of 446415593?
13, 31, 197, 5623
List the prime factors of 159760646.
2, 73, 109, 10039
List the prime factors of 9894510.
2, 3, 5, 17, 29, 223
What are the prime factors of 344783000?
2, 5, 557, 619
List the prime factors of 2978558119.
41, 47, 571, 2707
What are the prime factors of 146534824?
2, 53, 345601
What are the prime factors of 49530556?
2, 12382639
What are the prime factors of 917170817?
251, 3654067
What are the prime factors of 7693458161?
41, 83, 2260787
What are the prime factors of 262583707?
379, 653, 1061
List the prime factors of 2194075490.
2, 5, 219407549
List the prime factors of 6968363909.
13, 12263, 43711
What are the prime factors of 291858007?
7, 41694001
List the prime factors of 358942038.
2, 3, 7, 13, 657403
What are the prime factors of 107234061?
3, 11, 3249517
What are the prime factors of 5635048503?
3, 7, 47, 5709269
What are the prime factors of 165692129?
165692129
What are the prime factors of 961750557?
3, 35620391
List the prime factors of 3611424050.
2, 5, 13, 19, 31, 9433
What are the prime factors of 11141422?
2, 41, 83, 1637
List the prime factors of 144058986.
2, 3, 17, 181
What are the prime factors of 49082444?
2, 12270611
List the prime factors of 32054173.
37, 866329
What are the prime factors of 2074443190?
2, 5, 17, 73, 167159
What are the prime factors of 1833314600?
2, 5, 13, 109, 6469
List the prime factors of 6596128693.
7, 11, 7043, 12163
List the prime factors of 6047201902.
2, 7, 853, 506381
List the prime factors of 55483602.
2, 3, 1409, 6563
What are the prime factors of 88018232?
2, 11002279
What are the prime factors of 123025210?
2, 5, 7, 11, 159773
What are the prime factors of 187210227?
3, 163, 382843
What are the prime factors of 204147900?
2, 3, 5, 11, 17, 1213
What are the prime factors of 1779990858?
2, 3, 61, 137, 11833
List the prime factors of 1266124158.
2, 3, 13, 5410787
What are the prime factors of 248835763?
11, 22621433
List the prime factors of 419023686.
2, 3, 109, 307, 2087
What are the